divisor of v and 139.
1
Let r = -36168 - -36218. What is the highest common divisor of r and 4675?
25
Let y(f) = -f**2 - 6*f + 7. Let p be y(-5). Let k = 25261 + -25251. Calculate the highest common factor of p and k.
2
Suppose x + x = 8. Suppose -2*t + 27 = -s, 2*t - 2 = -4*s + 40. Let i(g) = g**2 - 10*g - 31. Let w be i(t). Calculate the highest common divisor of x and w.
4
Let h(d) = 66*d + 6886. Let q be h(-104). What is the greatest common factor of 18 and q?
2
Let n be 2/((-52)/(-78)*6/8). Suppose -n*m - 78 = -a, 4*a - 4*m + 0*m = 348. Calculate the highest common divisor of 20 and a.
10
Suppose -1650 = 2*n - 12*n. Let v = n - 110. Calculate the highest common factor of v and 33.
11
Let l(k) = -7*k + 215. Let z be l(26). What is the highest common divisor of z and 242?
11
Suppose 7*z - 17507 = -8974. Suppose -3*r + 47 + 22 = 0. What is the highest common factor of z and r?
23
Let f(k) = 152*k**2 - 244*k + 8. Let o be f(-8). Calculate the highest common divisor of o and 48.
24
Suppose -3*h + 1740 = 5*o, 2*o + 3*h + 27 = 714. Calculate the greatest common divisor of 189 and o.
27
Let m = 5611 + -3690. What is the highest common divisor of m and 17?
17
Let g be (-1)/(-4 + 42/10). Let q(s) = s**3 + 7*s**2 + 6*s + 4. Let l be q(g). Let b(x) = 4*x + 8. Let h be b(0). What is the greatest common factor of h and l?
8
Suppose -5*g + 153 = -p, -64*p - 111 = -4*g - 67*p. What is the greatest common divisor of 585 and g?
15
Let q = -3156 + 3224. Calculate the highest common divisor of 4250 and q.
34
Suppose 13*c - 4*g = 14*c - 95, 2*c + 4*g = 190. Calculate the highest common factor of c and 855.
95
Let y be 848/3 + (-4)/6. Let j = y + -170. Suppose i = -4*l + 33, -21*l - 2*i - 4 = -23*l. Calculate the greatest common divisor of l and j.
7
Suppose -w + 25 = -5*l, 3*l - 3*w + 30 = 3. Let m(f) = -9*f - 23. Let k be m(l). What is the greatest common factor of k and 104?
13
Let i be (-27)/(-4) + -7 + (-2)/(-8). Suppose i = 30*a - 33*a + 330. Let z = -29 + 51. What is the greatest common factor of a and z?
22
Suppose 13122 = 12*o + 15*o. Let d = o + -478. What is the greatest common factor of d and 108?
4
Suppose 72 = v + 2*a, 5*a = 2*a. Suppose -2*c = -6*c - 20. Let q(w) = -8*w - 31. Let l be q(c). Calculate the greatest common divisor of l and v.
9
Let d be 177/(-12)*(-4 + 0) - 3. Let r = -55 + d. Let u be ((-1)/(2 + r))/(20/(-1140)). What is the highest common divisor of 38 and u?
19
Let s be ((-13857)/155)/(1/(-5)). Suppose 4*p = 4*f - 1848, 0*f - 4*p + s = f. Calculate the highest common divisor of f and 17.
17
Let d be (-2)/(-6) + 460/6. Let l be -1 + 1/(-1) + 5. Suppose 4*h + 41 = l*f, f - h + 0*h - 13 = 0. What is the greatest common divisor of d and f?
11
Let f(j) = j**3 + 3*j**2 - 18*j + 238. Let z be f(8). Calculate the highest common factor of z and 836.
38
Let l(u) = u**2 - 5*u + 33. Let s be l(9). What is the highest common factor of 3 and s?
3
Suppose 4188 - 11002 = -27*g + 3716. What is the greatest common divisor of 4836 and g?
78
Let l(z) be the third derivative of z**6/40 + z**3/3 + 45*z**2. Let c be l(-3). Let r = c - -86. What is the greatest common factor of r and 91?
7
Let l = 1005 + -989. Suppose -l*c = 7*c - 621. Suppose u + 2*v - v = 293, -309 = -u + 3*v. What is the greatest common factor of u and c?
27
Suppose -o = 2*o - 4*c - 152, -2*o + 5*c = -106. Let t(v) = -8*v**3 - 4*v**2 - 396*v - 792. Let g be t(-2). What is the greatest common factor of g and o?
48
Let m(s) = -12*s + 62. Let j be m(5). Suppose 3*y - h = 21, 0 = 4*h - 14 + j. Let i be ((-72)/15)/(1/(-5)). Calculate the greatest common divisor of i and y.
8
Suppose -8*f + 94 = -6*f. Let q = f - 47. Let m be (-3)/(-3)*9 + q. Calculate the greatest common factor of m and 81.
9
Let q(u) = -29*u - 3. Let i be q(-2). Let o = i - 55. Suppose -5*z - 20 = o, z = 4*y + 3*z - 256. Calculate the greatest common divisor of 6 and y.
6
Let u be 1/(4/761) - 8/(-512)*-16. Calculate the greatest common factor of 8 and u.
2
Suppose 5*b = 2*u - 32, 3*u + 5*b - 23 = -0*u. Suppose 3*j - 170 = -4*h, -10*j + 2 = -u*j. What is the greatest common divisor of h and 33?
11
Suppose 1640 = -1092*s + 1100*s. Let w be (8 + -7)*-1 + 11. What is the greatest common factor of s and w?
5
Suppose -33*y = -6*y - 675. Suppose 4 = 2*l - d - 3, 3*l - 3*d - 9 = 0. Suppose l*x = 1297 - 497. What is the greatest common factor of y and x?
25
Let b(u) = u**2 + 22*u + 13. Let k be b(-22). Suppose 4*o - 5*y = 1238, 0*y = 2*o + y - 626. What is the highest common factor of k and o?
13
Let q = -196 - 1036. Let u be q/55*(2 - 7). What is the highest common divisor of u and 2?
2
Suppose 16*j + 139 = 619. What is the greatest common divisor of 570 and j?
30
Suppose -93*m + 36*m = 36*m - 115413. What is the greatest common factor of 146 and m?
73
Let j be 1331/(-44) + 10 - 1/(-4). Let v be ((-15)/j)/((-1)/(-16)). Calculate the greatest common factor of 348 and v.
12
Suppose 101 = -6*a + 563. Let z = a - 62. What is the highest common divisor of z and 105?
15
Suppose -5*l + 2*y = -721, 5*y = -2*l + 360 - 89. What is the greatest common factor of 20020 and l?
143
Let j(l) = -l**3 + 19*l**2 - 34*l - 41. Let t be j(17). Let a be t + 552 - (-1)/((-2)/2). What is the highest common divisor of a and 30?
30
Let f(c) = 98*c**2 + 102*c + 8. Let o be f(-4). Calculate the highest common factor of o and 224.
16
Suppose 0 = -s, 22*s - 26*s + 400 = p. Calculate the highest common divisor of p and 1280.
80
Let t be (2 - (-32)/14)*7. Let i(v) = 4*v**2 - 4*v - 3. Let y = -30 + 27. Let u be i(y). What is the highest common factor of t and u?
15
Let o be (-14)/(-1 - 6/(-10)). Suppose -o + 2 = -m. Calculate the greatest common divisor of 231 and m.
33
Let h be (-4)/(-28) + 366/(-14). Let x = 53 + h. Suppose 4*p = -5*k + 105 + 18, 2*p - x = -k. What is the greatest common factor of 207 and k?
23
Let n be ((-3003)/455)/((-6)/40). What is the highest common factor of 748 and n?
44
Suppose 555 = 5*k - 3*n + 15, 4*k + 4*n = 432. What is the highest common factor of k and 24030?
54
Let g(x) = x**2 - 11*x + 26. Let r be g(10). Suppose w - 58 = -4*v, r*v = -2*w + 19*v + 127. What is the greatest common divisor of 279 and w?
31
Suppose 931 = 8*k - k. Suppose 32*s - 35*s = -228. What is the highest common divisor of k and s?
19
Let i be (-42078)/(-54) + 2*9/(-81). Calculate the greatest common factor of i and 133.
19
Let v(f) = 642*f**2 - 66*f - 1. Let t be v(1). What is the highest common factor of 125 and t?
25
Let p(j) = 544*j - 5574. Let n be p(11). Calculate the greatest common factor of n and 60.
10
Let d(i) = 3*i**3 + 4*i**2 - 6*i - 8. Let k(l) = l**3 + l**2 - l. Let v(b) = -d(b) + 2*k(b). Let y be v(-3). Calculate the greatest common factor of y and 55.
5
Let q be (-2)/(-2) - (3 + -1 + -4). Let l be (q - 2)/(2/70). Suppose 0 = -t - 5, 4*s - 18 - 43 = t. Calculate the greatest common divisor of s and l.
7
Suppose -2*q - 4*a = -948, 56*q + 5*a - 1420 = 53*q. Let y be ((-2)/5)/((-4)/q). Calculate the greatest common factor of y and 752.
47
Let f(h) = -2*h + 17*h + h - 23. Let t be f(11). Calculate the highest common divisor of 51 and t.
51
Suppose 0 = -4*z + 12, -z - 567 = 20*s - 23*s. What is the greatest common divisor of s and 350?
10
Let w be ((-4)/(-2))/((-2)/(-10)). Let v(t) = 4*t**3 - 3 + 3 + w*t**2 - 3*t - 7*t**2. Let i be v(3). What is the greatest common factor of 14 and i?
14
Let i(g) = 7*g**2 + 5*g + 14. Let k be i(-9). Suppose -538*a + 8 = -k*a. What is the highest common divisor of a and 124?
4
Suppose -39*o + 44*o - 2010 = -5*c, -5*o = -5*c + 2040. Calculate the highest common divisor of c and 1782.
81
Suppose -690 = 12*t - 1506. Calculate the highest common divisor of 68 and t.
68
Suppose -4*n = 2*a - 54, -4*n - 3*a - 29 = -84. Calculate the greatest common factor of 611 and n.
13
Let d(x) = 6*x + 20. Let g(p) = 3*p - 28. Let z be g(7). Let u be d(z). Let n be (0/(-3) + u)*(-7)/14. What is the highest common factor of n and 1?
1
Suppose 2*p = 5*t + 4297, -4*t + 9 = -3. What is the greatest common factor of p and 11?
11
Suppose 0 = 5*p - 35 - 65. Let q(d) = 9*d + 26. Let n be q(-3). Let s(c) = -90*c. Let y be s(n). What is the highest common factor of y and p?
10
Let j = 59 - 163. Let t = j + 181. What is the greatest common di